rue
Is 30200605957 a composite number?
False
Is 2529043843 composite?
False
Is 54609287903 prime?
False
Is 4520922337 a prime number?
False
Is 320177903 a prime number?
True
Is 147385867 a composite number?
False
Is 7853005595 a composite number?
True
Is 11518365401 prime?
False
Is 83766951839 prime?
True
Is 1748826743 a prime number?
False
Is 17427767971 composite?
True
Is 3714569003 composite?
True
Is 119889818311 composite?
True
Is 10161097703 prime?
True
Is 415624849 a prime number?
True
Is 75994829 a prime number?
False
Is 17630323741 prime?
False
Is 67593236453 prime?
False
Is 473397809 composite?
False
Is 37825127293 a composite number?
False
Is 772587698 a composite number?
True
Is 3979567763 composite?
False
Is 6819243239 a composite number?
False
Is 759020491 prime?
True
Is 1522576417 a prime number?
True
Is 12718178537 a composite number?
False
Is 7229523947 a composite number?
False
Is 32050259 a prime number?
True
Is 1145433761 composite?
True
Is 26112624949 a composite number?
False
Is 262241761 a composite number?
False
Is 92217102647 a composite number?
True
Is 1134074027 composite?
True
Is 4057654889 a prime number?
True
Is 10794683533 a prime number?
True
Is 33310579 prime?
False
Is 23492235059 a prime number?
False
Is 3104319247 composite?
False
Is 228863953 a prime number?
True
Is 5458283521 prime?
True
Is 17576868109 a composite number?
True
Is 54093318197 a prime number?
True
Is 2354298293 composite?
False
Is 1641907169 a composite number?
True
Is 24925491893 a composite number?
False
Is 6133778171 composite?
False
Is 37232814043 a composite number?
True
Is 8949404693 a prime number?
True
Is 13398546151 prime?
True
Is 439789787 composite?
False
Is 37672318493 prime?
False
Is 6769667587 composite?
True
Is 42225257 composite?
False
Is 288199727 composite?
False
Is 22607292173 prime?
False
Is 55005797573 a prime number?
False
Is 466668997 a prime number?
True
Is 1496099141 composite?
False
Is 2976755297 a prime number?
True
Is 118613701 a prime number?
False
Is 4655247427 prime?
False
Is 281496073 a prime number?
True
Is 55798835023 a prime number?
True
Is 3156936998 prime?
False
Is 377313150551 composite?
False
Is 12044861533 a composite number?
False
Is 43494359 a prime number?
True
Is 3417291869 prime?
True
Is 96216973 a composite number?
False
Is 359071423 a prime number?
False
Is 2487817223 a prime number?
True
Is 12079703033 a composite number?
False
Is 791541281 prime?
False
Is 68964107 a composite number?
False
Is 30175991203 composite?
False
Is 33107125463 a composite number?
False
Is 560164417 composite?
False
Is 5456471233 prime?
False
Is 3735625841 a prime number?
True
Is 7195101353 prime?
False
Is 8726147077 prime?
False
Is 176109643 a prime number?
False
Is 16482453599 a composite number?
True
Is 180688106 a prime number?
False
Is 1062469 composite?
False
Is 3983701411 prime?
True
Is 13778763071 a composite number?
False
Is 67762783129 a composite number?
False
Is 902435557 a composite number?
True
Is 1506629177 a prime number?
True
Is 460725037 composite?
False
Is 147810647 a prime number?
True
Is 21840294751 a composite number?
True
Is 65194734131 prime?
True
Is 3195708049 prime?
True
Is 51853846177 a composite number?
True
Is 1973381359 a composite number?
False
Is 81370841249 a prime number?
False
Is 1798578179 prime?
False
Is 95590787 a prime number?
False
Is 119727367 prime?
False
Is 6923128463 prime?
True
Is 4443233071 a composite number?
False
Is 63480781939 prime?
True
Is 22088916701 composite?
True
Is 2624392871 a prime number?
True
Is 493999459 composite?
False
Is 2451660283 composite?
True
Is 173908286234 prime?
False
Is 2838959281 a prime number?
True
Is 971899307 a composite number?
False
Is 1782041815 a prime number?
False
Is 1674716177 a composite number?
True
Is 2557713419 a composite number?
False
Is 85658895149 composite?
True
Is 419011937 a composite number?
True
Is 7328668753 composite?
True
Is 678518279 a composite number?
False
Is 13744585129 prime?
False
Is 18149794451 a composite number?
True
Is 189217158293 composite?
False
Is 8054665733 a prime number?
False
Is 24987967 prime?
True
Is 909576553 a prime number?
True
Is 486072089 a prime number?
True
Is 12741563069 composite?
True
Is 293718883 a composite number?
False
Is 68512688173 composite?
True
Is 343201526 composite?
True
Is 9215143699 composite?
False
Is 256698199 prime?
False
Is 81530930366 composite?
True
Is 6245110981 a composite number?
True
Is 7728327319 a composite number?
False
Is 259824547 prime?
False
Is 2845770351 prime?
False
Is 148235761 prime?
False
Is 2074211413 a prime number?
True
Is 307146963 prime?
False
Is 114159497999 a prime number?
False
Is 985358483 composite?
True
Is 18455947691 composite?
False
Is 1045729063 composite?
True
Is 1623523463 composite?
False
Is 133251311 composite?
True
Is 118493408101 prime?
False
Is 43151106607 prime?
False
Is 1864961867 a composite number?
True
Is 5184048929 prime?
True
Is 532061513 a composite number?
False
Is 7165788841 a prime number?
True
Is 44627408911 composite?
True
Is 492831457 prime?
False
Is 111762671 a composite number?
True
Is 1449963287 prime?
True
Is 29257915069 a composite number?
False
Is 2594871083 a prime number?
False
Is 2526460297 a composite number?
False
Is 29483057095 a composite number?
True
Is 2499212123 composite?
True
Is 183798533 a composite number?
True
Is 14409398561 composite?
False
Is 1897040083 prime?
True
Is 881244137 a composite number?
True
Is 346289803 prime?
True
Is 2818555118 composite?
True
Is 416081563 composite?
False
Is 11330797013 composite?
True
Is 339512883 prime?
False
Is 14729521187 a composite number?
False
Is 139314596411 composite?
False
Is 4426654919 a prime number?
True
Is 28797679 a composite number?
True
Is 864632141 composite?
False
Is 11706318587 a composite number?
True
Is 24880649 composite?
False
Is 36919810799 a composite number?
False
Is 7000157651 a composite number?
True
Is 2678999419 a prime number?
False
Is 513738363 a prime number?
False
Is 35101095751 prime?
True
Is 5516854207 a composite number?
True
Is 1220183983 composite?
True
Is 94972528229 prime?
True
Is 227182776881 prime?
False
Is 186031159 prime?
False
Is 2584832927 composite?
True
Is 1304235313 a prime number?
False
Is 14824522607 composite?
False
Is 32886157 a prime number?
True
Is 1221170317 a prime number?
True
Is 212183107 a prime number?
True
Is 1698232633 prime?
False
Is 14191397659 prime?
False
Is 143573251 a composite number?
True
Is 5696377991 a prime number?
True
Is 30005849987 composite?
False
Is 55652307923 a composite number?
True
Is 4304972419 composite?
True
Is 1474415849 a prime number?
False
Is 5196891703 composite?
False
Is 22036049561 composite?
False
Is 112012660273 a composite number?
False
Is 77553668693 a composite number?
False
Is 3692018063 a composite number?
False
Is 25195571567 prime?
True
Is 1110019817 a composite number?
True
Is 28096907263 a composite number?
False
Is 318638923 a prime number?
True
Is 9510103942 composite?
True
Is 1383235405 prime?
False
Is 960691313 a composite number?
False
Is 37827396137 a composite number?
True
Is 593585501 prime?
False
Is 1249339589 a prime number?
False
Is 1227618347 a composite number?
True
Is 1333423151 composite?
True
Is 468655549 composite?
False
Is 170986781019 a prime number?
False
Is 400689203 a prime number?
False
Is 2040260146 a prime number?
False
Is 44667334853 a composite number?
True
Is 202565309 composite?
False
Is 16013864791 a prime number?
False
Is 110774002007 composite?
True
Is 9713811979 a prime number?
False
Is 59413517393 a composite number?
False
Is 4689223939 a composite number?
True
Is 282496727 a composite number?
False
Is 4924223189 composite?
True
Is 247502933 a prime number?
False
Is 2343100693 composite?
False
Is 6547818029 a prime number?
True
Is 2764715839 prime?
False
Is 913393946 prime?
False
Is 3889772981 prime?
True
Is 784660351 a prime number?
True
Is 10927780153 prime?
True
Is 747362653 prime?
False
Is 1084164503 a composite number?
False
Is 1001081201 prime?
True
Is 63292830953 prime?
False
Is 12414787877 a prime number?
True
Is 3940924331 prime?
True
Is 390122189 a composite number?
False
Is 5004744683 a prime number?
True
Is 149108